ctors of 400025?
5, 16001
What are the prime factors of 24039400?
2, 5, 7, 11, 223
What are the prime factors of 2580693?
3, 79, 10889
What are the prime factors of 18289011?
3, 13, 36073
List the prime factors of 437524.
2, 89, 1229
List the prime factors of 58026.
2, 3, 19, 509
List the prime factors of 1283062.
2, 11, 58321
What are the prime factors of 2974529?
2974529
List the prime factors of 3649338.
2, 3, 7, 11, 2633
What are the prime factors of 840742?
2, 7, 23, 373
List the prime factors of 235369.
235369
List the prime factors of 12383442.
2, 3, 76441
List the prime factors of 258021.
3, 28669
List the prime factors of 224379.
3, 107, 233
List the prime factors of 1048839.
3, 11, 37, 859
List the prime factors of 1173509.
167, 7027
What are the prime factors of 2079970?
2, 5, 207997
What are the prime factors of 293404?
2, 73351
List the prime factors of 126038.
2, 11, 17, 337
List the prime factors of 201870.
2, 3, 5, 2243
What are the prime factors of 23098?
2, 11549
What are the prime factors of 201370?
2, 5, 13, 1549
List the prime factors of 987635.
5, 11, 17957
What are the prime factors of 1711125?
3, 5, 13
What are the prime factors of 27225477?
3, 181, 619
What are the prime factors of 903403?
903403
List the prime factors of 586560.
2, 3, 5, 13, 47
List the prime factors of 8505203.
7, 1215029
List the prime factors of 1317690.
2, 3, 5, 11
List the prime factors of 16099464.
2, 3, 670811
List the prime factors of 139729.
139729
What are the prime factors of 7143782?
2, 191, 18701
List the prime factors of 332912.
2, 20807
What are the prime factors of 1136929?
953, 1193
What are the prime factors of 6637875?
3, 5, 31, 571
What are the prime factors of 3449624?
2, 431203
What are the prime factors of 25636789?
23, 53, 21031
What are the prime factors of 4878952?
2, 13, 43, 1091
What are the prime factors of 26514337?
26514337
List the prime factors of 359423.
19, 18917
List the prime factors of 2574317.
2574317
What are the prime factors of 459908?
2, 23, 4999
List the prime factors of 595692.
2, 3, 16547
List the prime factors of 392707.
7, 56101
What are the prime factors of 12434415?
3, 5, 7, 118423
List the prime factors of 68551.
7, 1399
What are the prime factors of 421578?
2, 3, 37, 211
List the prime factors of 1265081.
1265081
List the prime factors of 745623.
3, 82847
What are the prime factors of 3067090?
2, 5, 13, 23593
What are the prime factors of 490527?
3, 54503
List the prime factors of 83076.
2, 3, 7, 23, 43
What are the prime factors of 353641?
353641
What are the prime factors of 154018?
2, 53, 1453
What are the prime factors of 102440?
2, 5, 13, 197
List the prime factors of 893243.
13, 68711
What are the prime factors of 738759?
3, 7, 127, 277
List the prime factors of 1915505.
5, 383101
List the prime factors of 3829573.
11, 17, 20479
What are the prime factors of 298266?
2, 3, 49711
List the prime factors of 6010122.
2, 3, 1001687
What are the prime factors of 130868?
2, 32717
List the prime factors of 237522.
2, 3, 31, 1277
What are the prime factors of 1417785?
3, 5, 31, 3049
What are the prime factors of 7575?
3, 5, 101
What are the prime factors of 10140135?
3, 5, 676009
List the prime factors of 226575.
3, 5, 19, 53
List the prime factors of 14328413.
11, 19, 179, 383
List the prime factors of 21868973.
7, 757, 4127
List the prime factors of 214880.
2, 5, 17, 79
What are the prime factors of 7040481?
3, 7, 335261
What are the prime factors of 552071?
13, 42467
What are the prime factors of 9855137?
379, 26003
List the prime factors of 14311590.
2, 3, 5, 53, 9001
List the prime factors of 129685.
5, 37, 701
List the prime factors of 11750.
2, 5, 47
What are the prime factors of 887369?
7, 109, 1163
List the prime factors of 2942688.
2, 3, 7, 29, 151
What are the prime factors of 6624654?
2, 3, 19, 58111
What are the prime factors of 17596544?
2, 7, 41, 479
What are the prime factors of 2316676?
2, 103, 5623
List the prime factors of 9226103.
1229, 7507
List the prime factors of 1649422.
2, 23, 1559
What are the prime factors of 370055?
5, 7, 97, 109
What are the prime factors of 303215?
5, 11, 37, 149
List the prime factors of 1539749.
241, 6389
What are the prime factors of 3273568?
2, 102299
List the prime factors of 428292.
2, 3, 11897
List the prime factors of 3543283.
47, 75389
List the prime factors of 13754208.
2, 3, 13, 103, 107
List the prime factors of 160124.
2, 40031
What are the prime factors of 271801?
47, 5783
List the prime factors of 4586971.
89, 51539
List the prime factors of 3021020.
2, 5, 151051
What are the prime factors of 5738851?
103, 55717
List the prime factors of 9658807.
1987, 4861
List the prime factors of 808473.
3, 23, 11717
What are the prime factors of 629190?
2, 3, 5, 6991
List the prime factors of 23971418.
2, 149, 257, 313
List the prime factors of 99521.
23, 4327
What are the prime factors of 121398?
2, 3, 20233
List the prime factors of 2535933.
3, 887, 953
What are the prime factors of 538564?
2, 13, 10357
What are the prime factors of 22120669?
22120669
List the prime factors of 241616.
2, 15101
What are the prime factors of 2607152?
2, 162947
List the prime factors of 26359948.
2, 167, 39461
What are the prime factors of 1061611?
23, 101, 457
What are the prime factors of 858835?
5, 29, 5923
What are the prime factors of 3045642?
2, 3, 507607
What are the prime factors of 3798583?
3798583
What are the prime factors of 30761?
19, 1619
What are the prime factors of 1514117?
11, 59, 2333
List the prime factors of 893540.
2, 5, 43, 1039
List the prime factors of 3074913.
3, 149, 2293
What are the prime factors of 11555904?
2, 3, 139, 433
What are the prime factors of 2111353?
2111353
What are the prime factors of 17251191?
3, 638933
What are the prime factors of 783822?
2, 3, 13, 773
List the prime factors of 316269.
3, 35141
List the prime factors of 12791964.
2, 3, 31, 137, 251
List the prime factors of 2941436.
2, 735359
List the prime factors of 8787457.
7, 71, 17681
What are the prime factors of 16185795?
3, 5, 1079053
What are the prime factors of 8752116?
2, 3, 73, 97, 103
List the prime factors of 2009416.
2, 251177
What are the prime factors of 301378?
2, 7, 11, 19, 103
List the prime factors of 135325.
5, 5413
What are the prime factors of 492604?
2, 7, 73, 241
List the prime factors of 3328823.
29, 79, 1453
What are the prime factors of 18229301?
61, 298841
What are the prime factors of 225249?
3, 75083
List the prime factors of 7604790.
2, 3, 5, 253493
What are the prime factors of 24159?
3, 8053
What are the prime factors of 4125916?
2, 1031479
List the prime factors of 1230484.
2, 283, 1087
What are the prime factors of 9701812?
2, 2425453
List the prime factors of 59471.
59471
What are the prime factors of 903979?
903979
List the prime factors of 226169.
226169
What are the prime factors of 12096128?
2, 11, 71
List the prime factors of 2632990.
2, 5, 251, 1049
List the prime factors of 44211.
3, 14737
What are the prime factors of 279315?
3, 5, 2069
What are the prime factors of 175029?
3, 41, 1423
What are the prime factors of 181781?
17, 37
What are the prime factors of 513969?
3, 19, 71, 127
List the prime factors of 11845823.
11, 1076893
What are the prime factors of 59794?
2, 7, 4271
What are the prime factors of 1495094?
2, 747547
What are the prime factors of 24393489?
3, 1567, 5189
What are the prime factors of 909249?
3, 11, 59, 467
What are the prime factors of 380175?
3, 5, 37, 137
What are the prime factors of 27467?
11, 227
List the prime factors of 278872.
2, 11, 3169
What are the prime factors of 1406942?
2, 703471
What are the prime factors of 5672600?
2, 5, 113, 251
List the prime factors of 5081867.
7, 725981
What are the prime factors of 302557?
29, 10433
List the prime factors of 15596.
2, 7, 557
List the prime factors of 5276260.
2, 5, 11, 29, 827
List the prime factors of 5500633.
19, 29, 67, 149
List the prime factors of 193871.
193871
List the prime factors of 3450306.
2, 3, 619, 929
List the prime factors of 288187.
97, 2971
List the prime factors of 16173499.
47, 344117
What are the prime factors of 31905118?
2, 7, 971, 2347
What are the prime factors of 925109?
925109
List the prime factors of 12081593.
41, 2946